he prime factors of 13512?
2, 3, 563
What are the prime factors of 250865?
5, 131, 383
What are the prime factors of 5443803?
3, 604867
What are the prime factors of 46087?
17, 2711
List the prime factors of 9742067.
149, 151, 433
List the prime factors of 10689839.
251, 42589
What are the prime factors of 1773415?
5, 7, 23, 2203
List the prime factors of 1335958.
2, 13, 51383
List the prime factors of 936481.
7, 13, 41, 251
List the prime factors of 3499661.
11, 71, 4481
List the prime factors of 15168852.
2, 3, 41, 43, 239
What are the prime factors of 268029?
3, 1103
List the prime factors of 205079.
7, 29297
List the prime factors of 775423.
11, 157, 449
List the prime factors of 231180.
2, 3, 5, 3853
List the prime factors of 9886165.
5, 1977233
List the prime factors of 15302258.
2, 19, 402691
What are the prime factors of 57289?
59, 971
List the prime factors of 8486439.
3, 13, 167, 1303
List the prime factors of 1826970.
2, 3, 5, 60899
What are the prime factors of 7285919?
7285919
What are the prime factors of 1592756?
2, 11, 53, 683
List the prime factors of 206302.
2, 19, 61, 89
What are the prime factors of 3246435?
3, 5, 19, 3797
What are the prime factors of 962?
2, 13, 37
What are the prime factors of 283792?
2, 17737
What are the prime factors of 798923?
798923
List the prime factors of 1582861.
7, 226123
List the prime factors of 155427.
3, 103, 503
List the prime factors of 2871125.
5, 103, 223
What are the prime factors of 11588658?
2, 3, 61, 31663
What are the prime factors of 85199?
85199
List the prime factors of 191484.
2, 3, 197
List the prime factors of 427525.
5, 7, 349
List the prime factors of 14198803.
3109, 4567
List the prime factors of 197101.
197101
List the prime factors of 313513.
23, 43, 317
List the prime factors of 637188.
2, 3, 29, 1831
What are the prime factors of 18395639?
18395639
List the prime factors of 1430343.
3, 158927
What are the prime factors of 235128?
2, 3, 97, 101
List the prime factors of 9940609.
7, 887, 1601
What are the prime factors of 2931749?
89, 32941
List the prime factors of 21046189.
2963, 7103
List the prime factors of 426772.
2, 106693
List the prime factors of 1203734.
2, 7, 71, 173
What are the prime factors of 90576?
2, 3, 17, 37
List the prime factors of 2512377.
3, 7, 211
What are the prime factors of 646356?
2, 3, 61, 883
What are the prime factors of 1091966?
2, 29, 67, 281
List the prime factors of 624389.
41, 97, 157
List the prime factors of 1574698.
2, 97, 8117
List the prime factors of 918216.
2, 3, 13, 109
List the prime factors of 289127.
289127
What are the prime factors of 4595165?
5, 919033
What are the prime factors of 6495358?
2, 3247679
What are the prime factors of 22273708?
2, 151, 36877
List the prime factors of 910429.
13, 59, 1187
List the prime factors of 3692389.
1723, 2143
List the prime factors of 192967.
17, 11351
List the prime factors of 22025282.
2, 41, 113, 2377
What are the prime factors of 991414?
2, 495707
List the prime factors of 158206.
2, 79103
What are the prime factors of 661989?
3, 220663
What are the prime factors of 698639?
29, 24091
What are the prime factors of 577127?
31, 18617
List the prime factors of 1424637.
3, 158293
List the prime factors of 170167.
170167
What are the prime factors of 1265893?
73, 17341
List the prime factors of 2866644.
2, 3, 11, 19, 127
What are the prime factors of 928158?
2, 3, 7, 11, 41
List the prime factors of 20354962.
2, 167, 60943
List the prime factors of 332530.
2, 5, 11, 3023
List the prime factors of 435549.
3, 47, 3089
What are the prime factors of 127673?
7, 13, 23, 61
List the prime factors of 1166220.
2, 3, 5, 11, 19, 31
What are the prime factors of 8358660?
2, 3, 5, 23, 673
List the prime factors of 269023.
269023
List the prime factors of 2680020.
2, 3, 5, 7, 709
What are the prime factors of 434209?
434209
List the prime factors of 10585.
5, 29, 73
What are the prime factors of 244084?
2, 139, 439
List the prime factors of 133516.
2, 29, 1151
List the prime factors of 7331868.
2, 3, 203663
List the prime factors of 2188301.
137, 15973
What are the prime factors of 1599960?
2, 3, 5, 67, 199
List the prime factors of 2986673.
2986673
List the prime factors of 395135.
5, 13, 6079
List the prime factors of 396978.
2, 3, 109, 607
List the prime factors of 2660993.
17, 157, 997
What are the prime factors of 2333037?
3, 7, 59, 269
List the prime factors of 1430996.
2, 7, 149
List the prime factors of 1511682.
2, 3, 251947
List the prime factors of 4558021.
13, 350617
What are the prime factors of 5166062?
2, 11, 17, 19, 727
What are the prime factors of 435995?
5, 7, 12457
What are the prime factors of 93768?
2, 3, 3907
List the prime factors of 2962835.
5, 101, 5867
What are the prime factors of 1718240?
2, 5, 10739
What are the prime factors of 8800789?
23, 382643
List the prime factors of 83302.
2, 41651
What are the prime factors of 4436161?
1327, 3343
List the prime factors of 1142810.
2, 5, 114281
List the prime factors of 9945062.
2, 23, 103, 2099
What are the prime factors of 8996792?
2, 7, 59, 389
What are the prime factors of 5590668?
2, 3, 173, 2693
List the prime factors of 717310.
2, 5, 11, 6521
What are the prime factors of 9902880?
2, 3, 5, 13, 23
List the prime factors of 570762.
2, 3, 37, 857
What are the prime factors of 1110623?
83, 13381
List the prime factors of 3077648.
2, 7, 27479
List the prime factors of 1113226.
2, 556613
What are the prime factors of 891116?
2, 222779
List the prime factors of 912228.
2, 3, 19, 4001
What are the prime factors of 2031949?
71, 28619
List the prime factors of 9700063.
9700063
What are the prime factors of 150854?
2, 11, 6857
List the prime factors of 848899.
157, 5407
What are the prime factors of 15744466?
2, 23, 31, 61, 181
What are the prime factors of 57461?
37, 1553
List the prime factors of 23866689.
3, 7, 11, 103319
List the prime factors of 337063.
31, 83, 131
List the prime factors of 1080394.
2, 7, 77171
What are the prime factors of 3616454?
2, 37, 48871
List the prime factors of 757822.
2, 13, 29147
What are the prime factors of 25254384?
2, 3, 17, 30949
What are the prime factors of 554043?
3, 7, 3769
What are the prime factors of 3860895?
3, 5, 19, 23, 31
List the prime factors of 265893.
3, 263, 337
List the prime factors of 38517766.
2, 7, 43, 109, 587
What are the prime factors of 196423?
89, 2207
List the prime factors of 161348.
2, 11, 19, 193
List the prime factors of 4333141.
373, 11617
List the prime factors of 2976023.
2976023
What are the prime factors of 732700?
2, 5, 17, 431
What are the prime factors of 458418?
2, 3, 76403
What are the prime factors of 926845?
5, 185369
List the prime factors of 8096645.
5, 1619329
What are the prime factors of 520837?
520837
List the prime factors of 329167.
329167
List the prime factors of 203283.
3, 7529
List the prime factors of 563357.
563357
List the prime factors of 7757039.
1319, 5881
List the prime factors of 72622.
2, 11, 3301
What are the prime factors of 1698391?
19, 71, 1259
What are the prime factors of 30868260?
2, 3, 5, 17, 53, 571
What are the prime factors of 1349553?
3, 449851
What are the prime factors of 372572?
2, 17, 5479
List the prime factors of 13371510.
2, 3, 5, 23, 19379
List the prime factors of 155830.
2, 5, 15583
What are the prime factors of 1424797?
11, 129527
What are the prime factors of 103160?
2, 5, 2579
List the prime factors of 73575.
3, 5, 109
List the prime factors of 5400593.
11, 44633
What are the prime factors of 1630865?
5, 19, 17167
What are the prime factors of 176770?
2, 5, 11, 1607
List the prime factors of 1928616.
2, 3, 17, 29, 163
What are the prime factors of 822974?
2, 587, 701
List the prime factors of 17754818.
2, 8877409
List the prime factors of 157950.
2, 3, 5, 13
What are the prime factors of 529359?
3, 19, 37, 251
What are the prime factors of 7526323?
7, 601, 1789
What are the prime factors of 301828?
2, 61, 1237
List the prime factors of 684411.
3, 7, 13, 23, 109
What are the prime factors of 21885459?
3, 29, 107, 2351
What are the prime factors of 1872335?
5, 439, 853
List the prime factors of 291035.
5, 58207
List the prime factors of 21968954.
2, 7, 373, 601
What are the prime factors of 497852?
2, 71, 1